{"id":2220,"date":"2025-01-10T12:16:46","date_gmt":"2025-01-10T11:16:46","guid":{"rendered":"https:\/\/tsunamiduloing.fr\/?page_id=2220"},"modified":"2025-01-10T12:17:23","modified_gmt":"2025-01-10T11:17:23","slug":"presentation","status":"publish","type":"page","link":"https:\/\/tsunamiduloing.fr\/?page_id=2220","title":{"rendered":"Pr\u00e9sentation 2025"},"content":{"rendered":"\n<p id=\"block-a123585f-d2fa-4128-aa83-f1444ba2cde1\">\u00c9v\u00e8nement organis\u00e9 par le club de flying disc <strong>Tsunami du Loing<\/strong>.<\/p>\n\n\n\n<figure class=\"wp-block-image\" id=\"block-6e4bd1cd-0af8-4bd2-af22-192f09bee304\"><img decoding=\"async\" src=\"http:\/\/tsunamiduloing.fr\/wp-content\/uploads\/2024\/04\/logo_2023-1024x642.png\" alt=\"L\u2019attribut alt de cette image est vide, son nom de fichier est logo_2023-1024x642.png.\"\/><\/figure>\n\n\n\n<p id=\"block-9fcfcc41-24f4-4253-9a11-93ed31b69216\">Soutenu par nos <strong>institutions<\/strong><\/p>\n\n\n\n<figure class=\"wp-block-gallery has-nested-images columns-default is-cropped wp-block-gallery-1 is-layout-flex wp-block-gallery-is-layout-flex\">\n<figure class=\"wp-block-image size-large\"><img loading=\"lazy\" decoding=\"async\" width=\"1024\" height=\"1024\" data-id=\"2221\" src=\"https:\/\/tsunamiduloing.fr\/wp-content\/uploads\/2025\/01\/logo_pn-1024x1024.jpg\" alt=\"\" class=\"wp-image-2221\" srcset=\"https:\/\/tsunamiduloing.fr\/wp-content\/uploads\/2025\/01\/logo_pn-1024x1024.jpg 1024w, https:\/\/tsunamiduloing.fr\/wp-content\/uploads\/2025\/01\/logo_pn-300x300.jpg 300w, https:\/\/tsunamiduloing.fr\/wp-content\/uploads\/2025\/01\/logo_pn-150x150.jpg 150w, https:\/\/tsunamiduloing.fr\/wp-content\/uploads\/2025\/01\/logo_pn-768x768.jpg 768w, https:\/\/tsunamiduloing.fr\/wp-content\/uploads\/2025\/01\/logo_pn-1536x1536.jpg 1536w, https:\/\/tsunamiduloing.fr\/wp-content\/uploads\/2025\/01\/logo_pn.jpg 2048w\" sizes=\"auto, (max-width: 1024px) 100vw, 1024px\" \/><\/figure>\n\n\n\n<figure class=\"wp-block-image size-large\"><img loading=\"lazy\" decoding=\"async\" width=\"150\" height=\"170\" data-id=\"1748\" src=\"https:\/\/tsunamiduloing.fr\/wp-content\/uploads\/2024\/04\/nemours.png\" alt=\"\" class=\"wp-image-1748\"\/><\/figure>\n\n\n\n<figure class=\"wp-block-image size-large\"><img loading=\"lazy\" decoding=\"async\" width=\"705\" height=\"1024\" data-id=\"1749\" src=\"https:\/\/tsunamiduloing.fr\/wp-content\/uploads\/2024\/04\/spln-705x1024.png\" alt=\"\" class=\"wp-image-1749\" srcset=\"https:\/\/tsunamiduloing.fr\/wp-content\/uploads\/2024\/04\/spln-705x1024.png 705w, https:\/\/tsunamiduloing.fr\/wp-content\/uploads\/2024\/04\/spln-207x300.png 207w, https:\/\/tsunamiduloing.fr\/wp-content\/uploads\/2024\/04\/spln-768x1115.png 768w, https:\/\/tsunamiduloing.fr\/wp-content\/uploads\/2024\/04\/spln.png 858w\" sizes=\"auto, (max-width: 705px) 100vw, 705px\" \/><\/figure>\n<\/figure>\n\n\n\n<p id=\"block-9543d78d-4384-429f-b13f-6e642c8d8509\">la communaut\u00e9 de communes du Pays de Nemours, les villes de Nemours et St-Pierre-l\u00e8s-Nemours, le d\u00e9partement de Seine-et-Marne.<\/p>\n\n\n\n<figure class=\"wp-block-image\" id=\"block-6ec09458-9025-4d88-ae10-604d95bad1b2\"><img decoding=\"async\" src=\"http:\/\/tsunamiduloing.fr\/wp-content\/uploads\/2024\/04\/logo-d77-header.png\" alt=\"L\u2019attribut alt de cette image est vide, son nom de fichier est logo-d77-header.png.\"\/><\/figure>\n\n\n\n<p id=\"block-ad2796c2-5561-4a95-a7dd-59456ec4f9ed\">et nos <strong>partenaires<\/strong><\/p>\n\n\n\n<p id=\"block-ff073007-cf9d-41ae-86a5-fa22a51c1d8a\"><\/p>\n","protected":false},"excerpt":{"rendered":"<div class=\"mh-excerpt\"><p>\u00c9v\u00e8nement organis\u00e9 par le club de flying disc Tsunami du Loing. Soutenu par nos institutions la communaut\u00e9 de communes du Pays de Nemours, les villes <a class=\"mh-excerpt-more\" href=\"https:\/\/tsunamiduloing.fr\/?page_id=2220\" title=\"Pr\u00e9sentation 2025\">[&#8230;]<\/a><\/p>\n<\/div>","protected":false},"author":1,"featured_media":0,"parent":0,"menu_order":0,"comment_status":"closed","ping_status":"closed","template":"","meta":{"footnotes":""},"class_list":["post-2220","page","type-page","status-publish","hentry"],"_links":{"self":[{"href":"https:\/\/tsunamiduloing.fr\/index.php?rest_route=\/wp\/v2\/pages\/2220","targetHints":{"allow":["GET"]}}],"collection":[{"href":"https:\/\/tsunamiduloing.fr\/index.php?rest_route=\/wp\/v2\/pages"}],"about":[{"href":"https:\/\/tsunamiduloing.fr\/index.php?rest_route=\/wp\/v2\/types\/page"}],"author":[{"embeddable":true,"href":"https:\/\/tsunamiduloing.fr\/index.php?rest_route=\/wp\/v2\/users\/1"}],"replies":[{"embeddable":true,"href":"https:\/\/tsunamiduloing.fr\/index.php?rest_route=%2Fwp%2Fv2%2Fcomments&post=2220"}],"version-history":[{"count":2,"href":"https:\/\/tsunamiduloing.fr\/index.php?rest_route=\/wp\/v2\/pages\/2220\/revisions"}],"predecessor-version":[{"id":2223,"href":"https:\/\/tsunamiduloing.fr\/index.php?rest_route=\/wp\/v2\/pages\/2220\/revisions\/2223"}],"wp:attachment":[{"href":"https:\/\/tsunamiduloing.fr\/index.php?rest_route=%2Fwp%2Fv2%2Fmedia&parent=2220"}],"curies":[{"name":"wp","href":"https:\/\/api.w.org\/{rel}","templated":true}]}}