{"id":2225,"date":"2025-01-10T12:30:54","date_gmt":"2025-01-10T11:30:54","guid":{"rendered":"https:\/\/tsunamiduloing.fr\/?page_id=2225"},"modified":"2025-04-08T16:53:20","modified_gmt":"2025-04-08T14:53:20","slug":"player-book-livret-joueur-2025","status":"publish","type":"page","link":"https:\/\/tsunamiduloing.fr\/?page_id=2225","title":{"rendered":"Player Book &#8211; Livret Joueur 2025"},"content":{"rendered":"\n<p id=\"block-034e52a4-675c-4f31-9110-7ae4b1db0e30\">Inscription et infos sur <a href=\"https:\/\/discgolfmetrix.com\/3184855\">https:\/\/discgolfmetrix.com\/3184855<\/a><\/p>\n\n\n\n<h2 class=\"wp-block-heading\" id=\"block-6ac83aec-68a6-4196-ad3a-72149a60c596\"><strong>Programme<\/strong><\/h2>\n\n\n\n<p id=\"block-7abdb7df-5fc6-4289-8c17-7cc6c4322de6\"><strong><em>Samedi 12 avril<\/em><\/strong><\/p>\n\n\n\n<p>9h-12h Installation du parcours \u2013 Possibilit\u00e9 de reco. Contactez R\u00e9gis pour les infos<\/p>\n\n\n\n<p>QG ouvert de 15h \u00e0 18h<\/p>\n\n\n\n<p id=\"block-7abdb7df-5fc6-4289-8c17-7cc6c4322de6\"><strong><em>Dimanche 13 avril<\/em><\/strong><\/p>\n\n\n\n<p id=\"block-1797e3c5-711d-4ec3-b9cf-d28737789320\">7h02 Lever du soleil<\/p>\n\n\n\n<p id=\"block-5b1e79eb-b536-4328-980e-c5413150956d\">8h00 \u2013 Ouverture du QG, Check-in<\/p>\n\n\n\n<p id=\"block-d0dbaa54-781d-45a8-a555-25921eadb974\">9h00 &#8211; Meeting<\/p>\n\n\n\n<p id=\"block-070b7b9e-c378-40a7-be8d-12226fcf614d\">9h30 \u2013 D\u00e9part 1<sup>\u00e8re<\/sup> manche<\/p>\n\n\n\n<p id=\"block-2bd9def9-6c07-4beb-9334-c3a83cbd9a3c\">12h30 \u2013 Pause d\u00e9jeuner<\/p>\n\n\n\n<p id=\"block-4e15e9ed-fc4e-42d6-8332-838046db61ad\">13h30 \u2013 D\u00e9part 2<sup>nde<\/sup> manche<\/p>\n\n\n\n<p>17h00 &#8211; Remise des prix<\/p>\n\n\n\n<p id=\"block-268759df-f3a5-4f7d-8c45-9a3b3f4758a4\"><strong>Inscription<\/strong><\/p>\n\n\n\n<p id=\"block-a98a4f5d-30f0-42f8-b82d-91a5b4917c98\">Nous demandons une participation de 10\u20ac \u00e0 l&rsquo;ensemble des participants \u00e0 r\u00e9gler avant le 5 avril sur :<\/p>\n\n\n\n<p><a href=\"https:\/\/www.helloasso.com\/associations\/tsunami-du-loing\/evenements\/open-du-pays-de-nemours-2025\">https:\/\/www.helloasso.com\/associations\/tsunami-du-loing\/evenements\/open-du-pays-de-nemours-2025<\/a><\/p>\n\n\n\n<p>Gratuit pour les -18 ans<\/p>\n\n\n\n<p id=\"block-028f6773-9837-4105-a856-81e6b3a38778\"><strong>Comp\u00e9tition<\/strong><\/p>\n\n\n\n<p id=\"block-1e30867c-ac76-423d-926f-c03d46c9a6d5\">Le tournoi est une comp\u00e9tition et elle est, par cons\u00e9quent, r\u00e9gie par plusieurs r\u00e8gles dont la premi\u00e8re est que, pour participer, si vous n&rsquo;avez pas de licence f\u00e9d\u00e9rale, il faudra prendre une licence temporaire d\u00e9livr\u00e9e par la f\u00e9d\u00e9ration fran\u00e7aise de flying disc afin d&rsquo;\u00eatre couvert par une assurance. Cela implique de nous fournir au moins 1 semaine avant la comp\u00e9tition, un certificat m\u00e9dical de moins de trois ans stipulant l&rsquo;aptitude \u00e0 la pratique du sport en comp\u00e9tition.<\/p>\n\n\n\n<p id=\"block-3b678651-c754-4f05-afa6-8102727de485\"><strong>Directeurs de tournoi<\/strong><\/p>\n\n\n\n<p id=\"block-015f3f19-059e-4db2-9c00-49ff55023a63\">R\u00e9gis BROUARD <a href=\"https:\/\/www.pdga.com\/player\/154074\">#154074<\/a> &#8211; 07 67 71 45 20<\/p>\n\n\n\n<p>Bertrand ECOUTIN <a href=\"https:\/\/www.pdga.com\/player\/131474\">#131474<\/a> &#8211; 07 70 03 09 86<\/p>\n\n\n\n<p id=\"block-36727f7f-3701-4b18-918d-917ca1e31cc0\">Eric SCHILLIGER <a href=\"https:\/\/www.pdga.com\/player\/114245\">#114245<\/a> &#8211; 06 64 41 76 59<\/p>\n\n\n\n<p id=\"block-0e8d174f-f129-4810-b3ed-98124a00a753\"><strong>CTP et Ace<\/strong><\/p>\n\n\n\n<p id=\"block-8c5aa5f7-942f-4321-b877-c9580f63768f\">Gratuit. CTP au trou 11 sur les 2 rondes.<\/p>\n\n\n\n<p id=\"block-4f10ca66-3891-4096-be89-5ba10ce523c4\"><strong>Les scores<\/strong><\/p>\n\n\n\n<p id=\"block-18d7b469-1e1b-4910-840e-984f2cd08b54\">\u00c0 noter sur PDGA live score. Tout le monde doit prendre le score comme il est stipul\u00e9 dans le r\u00e8glement PDGA. Assurez-vous aupr\u00e8s du DT que les scores sont bien enregistr\u00e9s \u00e0 la fin de vos rondes<\/p>\n\n\n\n<p id=\"block-be005f47-891e-4c20-b9c6-a83b9e666438\"><strong>Mort Subite<\/strong><\/p>\n\n\n\n<p id=\"block-a8f75a71-b318-4653-8ad8-8a1e5df0d971\">Il y aura mort subite uniquement pour la premi\u00e8re place de chaque cat\u00e9gorie. Les trous utilis\u00e9s seront 1, 2, 18 dans cet ordre jusqu\u2019au d\u00e9partage.<\/p>\n\n\n\n<p id=\"block-ba53006a-7942-4b5d-9918-b0ad9749f6ba\">Proclamation des vainqueurs et remise des prix des CTP et ACE au QG \u00e0 la fin de la derni\u00e8re manche<\/p>\n\n\n\n<p id=\"block-8dc248a1-955e-442b-a23b-ad1c47ef19d8\"><strong>Parcours<\/strong><\/p>\n\n\n\n<p><img loading=\"lazy\" decoding=\"async\" alt=\"\" height=\"30\" src=\"https:\/\/discgolfmetrix.com\/img\/upload\/images\/jaune.png\" width=\"30\">Drapeau jaune : hors limite<\/p>\n\n\n\n<p><img loading=\"lazy\" decoding=\"async\" alt=\"\" height=\"30\" src=\"https:\/\/discgolfmetrix.com\/img\/upload\/images\/vert.png\" width=\"30\">Drapeau vert : ligne mandatory<\/p>\n\n\n\n<p><img loading=\"lazy\" decoding=\"async\" alt=\"\" height=\"30\" src=\"https:\/\/discgolfmetrix.com\/img\/upload\/images\/rouge.png\" width=\"30\">Drapeau rouge : d\u00e9part et relief area<\/p>\n\n\n\n<figure class=\"wp-block-image size-full\"><img loading=\"lazy\" decoding=\"async\" width=\"2560\" height=\"2027\" src=\"https:\/\/tsunamiduloing.fr\/wp-content\/uploads\/2025\/03\/global-4-scaled.jpg\" alt=\"\" class=\"wp-image-2468\" srcset=\"https:\/\/tsunamiduloing.fr\/wp-content\/uploads\/2025\/03\/global-4-scaled.jpg 2560w, https:\/\/tsunamiduloing.fr\/wp-content\/uploads\/2025\/03\/global-4-300x238.jpg 300w, https:\/\/tsunamiduloing.fr\/wp-content\/uploads\/2025\/03\/global-4-1024x811.jpg 1024w, https:\/\/tsunamiduloing.fr\/wp-content\/uploads\/2025\/03\/global-4-768x608.jpg 768w, https:\/\/tsunamiduloing.fr\/wp-content\/uploads\/2025\/03\/global-4-1536x1216.jpg 1536w, https:\/\/tsunamiduloing.fr\/wp-content\/uploads\/2025\/03\/global-4-2048x1621.jpg 2048w\" sizes=\"auto, (max-width: 2560px) 100vw, 2560px\" \/><\/figure>\n\n\n\n<p id=\"block-4baea546-c857-446b-9185-e562b497b780\"><em><strong>Trou par trou<\/strong><\/em><\/p>\n\n\n\n<figure class=\"wp-block-gallery has-nested-images columns-default is-cropped wp-block-gallery-1 is-layout-flex wp-block-gallery-is-layout-flex\">\n<figure class=\"wp-block-image size-full\"><img loading=\"lazy\" decoding=\"async\" width=\"595\" height=\"842\" data-id=\"2537\" src=\"https:\/\/tsunamiduloing.fr\/wp-content\/uploads\/2025\/04\/01.png\" alt=\"\" class=\"wp-image-2537\" srcset=\"https:\/\/tsunamiduloing.fr\/wp-content\/uploads\/2025\/04\/01.png 595w, https:\/\/tsunamiduloing.fr\/wp-content\/uploads\/2025\/04\/01-212x300.png 212w\" sizes=\"auto, (max-width: 595px) 100vw, 595px\" \/><\/figure>\n\n\n\n<figure class=\"wp-block-image size-full\"><img loading=\"lazy\" decoding=\"async\" width=\"595\" height=\"842\" data-id=\"2538\" src=\"https:\/\/tsunamiduloing.fr\/wp-content\/uploads\/2025\/04\/02.png\" alt=\"\" class=\"wp-image-2538\" srcset=\"https:\/\/tsunamiduloing.fr\/wp-content\/uploads\/2025\/04\/02.png 595w, https:\/\/tsunamiduloing.fr\/wp-content\/uploads\/2025\/04\/02-212x300.png 212w\" sizes=\"auto, (max-width: 595px) 100vw, 595px\" \/><\/figure>\n\n\n\n<figure class=\"wp-block-image size-full\"><img loading=\"lazy\" decoding=\"async\" width=\"595\" height=\"842\" data-id=\"2539\" src=\"https:\/\/tsunamiduloing.fr\/wp-content\/uploads\/2025\/04\/03.png\" alt=\"\" class=\"wp-image-2539\" srcset=\"https:\/\/tsunamiduloing.fr\/wp-content\/uploads\/2025\/04\/03.png 595w, https:\/\/tsunamiduloing.fr\/wp-content\/uploads\/2025\/04\/03-212x300.png 212w\" sizes=\"auto, (max-width: 595px) 100vw, 595px\" \/><\/figure>\n\n\n\n<figure class=\"wp-block-image size-large\"><img loading=\"lazy\" decoding=\"async\" width=\"595\" height=\"842\" data-id=\"2370\" src=\"https:\/\/tsunamiduloing.fr\/wp-content\/uploads\/2025\/02\/04.png\" alt=\"\" class=\"wp-image-2370\" srcset=\"https:\/\/tsunamiduloing.fr\/wp-content\/uploads\/2025\/02\/04.png 595w, https:\/\/tsunamiduloing.fr\/wp-content\/uploads\/2025\/02\/04-212x300.png 212w\" sizes=\"auto, (max-width: 595px) 100vw, 595px\" \/><\/figure>\n\n\n\n<figure class=\"wp-block-image size-large\"><img loading=\"lazy\" decoding=\"async\" width=\"595\" height=\"842\" data-id=\"2386\" src=\"https:\/\/tsunamiduloing.fr\/wp-content\/uploads\/2025\/02\/05.png\" alt=\"\" class=\"wp-image-2386\" srcset=\"https:\/\/tsunamiduloing.fr\/wp-content\/uploads\/2025\/02\/05.png 595w, https:\/\/tsunamiduloing.fr\/wp-content\/uploads\/2025\/02\/05-212x300.png 212w\" sizes=\"auto, (max-width: 595px) 100vw, 595px\" \/><\/figure>\n\n\n\n<figure class=\"wp-block-image size-large\"><img loading=\"lazy\" decoding=\"async\" width=\"595\" height=\"842\" data-id=\"2376\" src=\"https:\/\/tsunamiduloing.fr\/wp-content\/uploads\/2025\/02\/06.png\" alt=\"\" class=\"wp-image-2376\" srcset=\"https:\/\/tsunamiduloing.fr\/wp-content\/uploads\/2025\/02\/06.png 595w, https:\/\/tsunamiduloing.fr\/wp-content\/uploads\/2025\/02\/06-212x300.png 212w\" sizes=\"auto, (max-width: 595px) 100vw, 595px\" \/><\/figure>\n\n\n\n<figure class=\"wp-block-image size-large\"><img loading=\"lazy\" decoding=\"async\" width=\"595\" height=\"842\" data-id=\"2379\" src=\"https:\/\/tsunamiduloing.fr\/wp-content\/uploads\/2025\/02\/07.png\" alt=\"\" class=\"wp-image-2379\" srcset=\"https:\/\/tsunamiduloing.fr\/wp-content\/uploads\/2025\/02\/07.png 595w, https:\/\/tsunamiduloing.fr\/wp-content\/uploads\/2025\/02\/07-212x300.png 212w\" sizes=\"auto, (max-width: 595px) 100vw, 595px\" \/><\/figure>\n\n\n\n<figure class=\"wp-block-image size-full\"><img loading=\"lazy\" decoding=\"async\" width=\"595\" height=\"842\" data-id=\"2480\" src=\"https:\/\/tsunamiduloing.fr\/wp-content\/uploads\/2025\/03\/08.png\" alt=\"\" class=\"wp-image-2480\" srcset=\"https:\/\/tsunamiduloing.fr\/wp-content\/uploads\/2025\/03\/08.png 595w, https:\/\/tsunamiduloing.fr\/wp-content\/uploads\/2025\/03\/08-212x300.png 212w\" sizes=\"auto, (max-width: 595px) 100vw, 595px\" \/><\/figure>\n\n\n\n<figure class=\"wp-block-image size-large\"><img loading=\"lazy\" decoding=\"async\" width=\"595\" height=\"842\" data-id=\"2372\" src=\"https:\/\/tsunamiduloing.fr\/wp-content\/uploads\/2025\/02\/09.png\" alt=\"\" class=\"wp-image-2372\" srcset=\"https:\/\/tsunamiduloing.fr\/wp-content\/uploads\/2025\/02\/09.png 595w, https:\/\/tsunamiduloing.fr\/wp-content\/uploads\/2025\/02\/09-212x300.png 212w\" sizes=\"auto, (max-width: 595px) 100vw, 595px\" \/><\/figure>\n\n\n\n<figure class=\"wp-block-image size-large\"><img loading=\"lazy\" decoding=\"async\" width=\"595\" height=\"842\" data-id=\"2387\" src=\"https:\/\/tsunamiduloing.fr\/wp-content\/uploads\/2025\/02\/10-1.png\" alt=\"\" class=\"wp-image-2387\" srcset=\"https:\/\/tsunamiduloing.fr\/wp-content\/uploads\/2025\/02\/10-1.png 595w, https:\/\/tsunamiduloing.fr\/wp-content\/uploads\/2025\/02\/10-1-212x300.png 212w\" sizes=\"auto, (max-width: 595px) 100vw, 595px\" \/><\/figure>\n\n\n\n<figure class=\"wp-block-image size-full\"><img loading=\"lazy\" decoding=\"async\" width=\"595\" height=\"842\" data-id=\"2454\" src=\"https:\/\/tsunamiduloing.fr\/wp-content\/uploads\/2025\/03\/11.png\" alt=\"\" class=\"wp-image-2454\" srcset=\"https:\/\/tsunamiduloing.fr\/wp-content\/uploads\/2025\/03\/11.png 595w, https:\/\/tsunamiduloing.fr\/wp-content\/uploads\/2025\/03\/11-212x300.png 212w\" sizes=\"auto, (max-width: 595px) 100vw, 595px\" \/><\/figure>\n\n\n\n<figure class=\"wp-block-image size-full\"><img loading=\"lazy\" decoding=\"async\" width=\"595\" height=\"842\" data-id=\"2484\" src=\"https:\/\/tsunamiduloing.fr\/wp-content\/uploads\/2025\/03\/12.png\" alt=\"\" class=\"wp-image-2484\" srcset=\"https:\/\/tsunamiduloing.fr\/wp-content\/uploads\/2025\/03\/12.png 595w, https:\/\/tsunamiduloing.fr\/wp-content\/uploads\/2025\/03\/12-212x300.png 212w\" sizes=\"auto, (max-width: 595px) 100vw, 595px\" \/><\/figure>\n\n\n\n<figure class=\"wp-block-image size-large\"><img loading=\"lazy\" decoding=\"async\" width=\"595\" height=\"842\" data-id=\"2374\" src=\"https:\/\/tsunamiduloing.fr\/wp-content\/uploads\/2025\/02\/13.png\" alt=\"\" class=\"wp-image-2374\" srcset=\"https:\/\/tsunamiduloing.fr\/wp-content\/uploads\/2025\/02\/13.png 595w, https:\/\/tsunamiduloing.fr\/wp-content\/uploads\/2025\/02\/13-212x300.png 212w\" sizes=\"auto, (max-width: 595px) 100vw, 595px\" \/><\/figure>\n\n\n\n<figure class=\"wp-block-image size-full\"><img loading=\"lazy\" decoding=\"async\" width=\"595\" height=\"842\" data-id=\"2540\" src=\"https:\/\/tsunamiduloing.fr\/wp-content\/uploads\/2025\/04\/14-1.png\" alt=\"\" class=\"wp-image-2540\" srcset=\"https:\/\/tsunamiduloing.fr\/wp-content\/uploads\/2025\/04\/14-1.png 595w, https:\/\/tsunamiduloing.fr\/wp-content\/uploads\/2025\/04\/14-1-212x300.png 212w\" sizes=\"auto, (max-width: 595px) 100vw, 595px\" \/><\/figure>\n\n\n\n<figure class=\"wp-block-image size-large\"><img loading=\"lazy\" decoding=\"async\" width=\"595\" height=\"842\" data-id=\"2380\" src=\"https:\/\/tsunamiduloing.fr\/wp-content\/uploads\/2025\/02\/15.png\" alt=\"\" class=\"wp-image-2380\" srcset=\"https:\/\/tsunamiduloing.fr\/wp-content\/uploads\/2025\/02\/15.png 595w, https:\/\/tsunamiduloing.fr\/wp-content\/uploads\/2025\/02\/15-212x300.png 212w\" sizes=\"auto, (max-width: 595px) 100vw, 595px\" \/><\/figure>\n\n\n\n<figure class=\"wp-block-image size-full\"><img loading=\"lazy\" decoding=\"async\" width=\"595\" height=\"842\" data-id=\"2541\" src=\"https:\/\/tsunamiduloing.fr\/wp-content\/uploads\/2025\/04\/16.png\" alt=\"\" class=\"wp-image-2541\" srcset=\"https:\/\/tsunamiduloing.fr\/wp-content\/uploads\/2025\/04\/16.png 595w, https:\/\/tsunamiduloing.fr\/wp-content\/uploads\/2025\/04\/16-212x300.png 212w\" sizes=\"auto, (max-width: 595px) 100vw, 595px\" \/><\/figure>\n\n\n\n<figure class=\"wp-block-image size-large\"><img loading=\"lazy\" decoding=\"async\" width=\"595\" height=\"842\" data-id=\"2389\" src=\"https:\/\/tsunamiduloing.fr\/wp-content\/uploads\/2025\/02\/17-1.png\" alt=\"\" class=\"wp-image-2389\" srcset=\"https:\/\/tsunamiduloing.fr\/wp-content\/uploads\/2025\/02\/17-1.png 595w, https:\/\/tsunamiduloing.fr\/wp-content\/uploads\/2025\/02\/17-1-212x300.png 212w\" sizes=\"auto, (max-width: 595px) 100vw, 595px\" \/><\/figure>\n\n\n\n<figure class=\"wp-block-image size-full\"><img loading=\"lazy\" decoding=\"async\" width=\"595\" height=\"842\" data-id=\"2543\" src=\"https:\/\/tsunamiduloing.fr\/wp-content\/uploads\/2025\/04\/18-1.png\" alt=\"\" class=\"wp-image-2543\" srcset=\"https:\/\/tsunamiduloing.fr\/wp-content\/uploads\/2025\/04\/18-1.png 595w, https:\/\/tsunamiduloing.fr\/wp-content\/uploads\/2025\/04\/18-1-212x300.png 212w\" sizes=\"auto, (max-width: 595px) 100vw, 595px\" \/><\/figure>\n<\/figure>\n\n\n\n<p id=\"block-f7e77864-e5c3-44a7-8b1d-3ae65d8b4bab\">Layout disponible sur metrix et udisc<\/p>\n\n\n\n<p id=\"block-12322a24-3ca4-41ea-9852-bd9338492742\">Mise en place du parcours samedi 12 matin. Certaines pani\u00e8res ne sont pas fixes (celles situ\u00e9es dans le stade) et seront plac\u00e9es le samedi matin. N&rsquo;h\u00e9sitez pas \u00e0 contacter les tsu car il y a r\u00e9guli\u00e8rement du monde sur le parcours.<\/p>\n\n\n\n<p id=\"block-7b6184a0-7581-4355-af06-9bc7dbb809d1\">Si vous venez sans \u00eatre encadr\u00e9 par un tsunami, veuillez, svp, \u00e0, comme de coutume, faire attention aux personnes qui pratiquent leurs activit\u00e9s sportives notamment dans l&rsquo;enceinte du stade.<\/p>\n","protected":false},"excerpt":{"rendered":"<div class=\"mh-excerpt\"><p>Inscription et infos sur https:\/\/discgolfmetrix.com\/3184855 Programme Samedi 12 avril 9h-12h Installation du parcours \u2013 Possibilit\u00e9 de reco. Contactez R\u00e9gis pour les infos QG ouvert de <a class=\"mh-excerpt-more\" href=\"https:\/\/tsunamiduloing.fr\/?page_id=2225\" title=\"Player Book &#8211; Livret Joueur 2025\">[&#8230;]<\/a><\/p>\n<\/div>","protected":false},"author":1,"featured_media":0,"parent":0,"menu_order":0,"comment_status":"closed","ping_status":"closed","template":"","meta":{"footnotes":""},"class_list":["post-2225","page","type-page","status-publish","hentry"],"_links":{"self":[{"href":"https:\/\/tsunamiduloing.fr\/index.php?rest_route=\/wp\/v2\/pages\/2225","targetHints":{"allow":["GET"]}}],"collection":[{"href":"https:\/\/tsunamiduloing.fr\/index.php?rest_route=\/wp\/v2\/pages"}],"about":[{"href":"https:\/\/tsunamiduloing.fr\/index.php?rest_route=\/wp\/v2\/types\/page"}],"author":[{"embeddable":true,"href":"https:\/\/tsunamiduloing.fr\/index.php?rest_route=\/wp\/v2\/users\/1"}],"replies":[{"embeddable":true,"href":"https:\/\/tsunamiduloing.fr\/index.php?rest_route=%2Fwp%2Fv2%2Fcomments&post=2225"}],"version-history":[{"count":16,"href":"https:\/\/tsunamiduloing.fr\/index.php?rest_route=\/wp\/v2\/pages\/2225\/revisions"}],"predecessor-version":[{"id":2544,"href":"https:\/\/tsunamiduloing.fr\/index.php?rest_route=\/wp\/v2\/pages\/2225\/revisions\/2544"}],"wp:attachment":[{"href":"https:\/\/tsunamiduloing.fr\/index.php?rest_route=%2Fwp%2Fv2%2Fmedia&parent=2225"}],"curies":[{"name":"wp","href":"https:\/\/api.w.org\/{rel}","templated":true}]}}