{"id":708,"date":"2022-09-26T14:39:29","date_gmt":"2022-09-26T12:39:29","guid":{"rendered":"http:\/\/tsunamiduloing.fr\/?page_id=708"},"modified":"2025-09-22T10:06:46","modified_gmt":"2025-09-22T08:06:46","slug":"tournois-disc-golf","status":"publish","type":"page","link":"https:\/\/tsunamiduloing.fr\/?page_id=708","title":{"rendered":"Tournois"},"content":{"rendered":"\n<h2 class=\"wp-block-heading\">Open du Pays de Nemours<\/h2>\n\n\n\n<figure class=\"wp-block-table is-style-stripes\"><table><tbody><tr><td><a href=\"https:\/\/www.pdga.com\/live\/event\/88047\">2025<\/a><\/td><td>MPO<\/td><td><strong>3. Bertrand Ecoutin<\/strong><\/td><td>+10<\/td><\/tr><tr><td><\/td><td><\/td><td>6. Maxime Gonzalez<\/td><td>+16<\/td><\/tr><tr><td><\/td><td><\/td><td>7. Beno\u00eet Ren\u00e9<\/td><td>+17<\/td><\/tr><tr><td><\/td><td><\/td><td>9. F\u00e9lix Priour-Martin<\/td><td>+34<\/td><\/tr><tr><td><\/td><td><strong>FPO<\/strong><\/td><td><strong>1. F\u00e9anor Brouard<\/strong><\/td><td>+40<\/td><\/tr><tr><td><\/td><td><strong>MP40<\/strong><\/td><td><strong>1. \u00c9ric Schilliger<\/strong><\/td><td>+2<\/td><\/tr><tr><td><\/td><td><\/td><td><strong>2. R\u00e9gis Brouard<\/strong><\/td><td>+12<\/td><\/tr><tr><td><\/td><td><\/td><td><strong>3. Cyrille Perez<\/strong><\/td><td>+19<\/td><\/tr><tr><td><\/td><td><\/td><td>8. Yohann Gore<\/td><td>+49<\/td><\/tr><tr><td><\/td><td><\/td><td>10. Olivier Gore<\/td><td>+66<\/td><\/tr><tr><td><\/td><td><strong>FP40<\/strong><\/td><td><strong>1. \u00c9lisa Brault<\/strong><\/td><td>+52<\/td><\/tr><tr><td><\/td><td><\/td><td><strong>2. B\u00e9n\u00e9dicte Bruel<\/strong><\/td><td>+56<\/td><\/tr><tr><td><\/td><td><strong>MP50<\/strong><\/td><td><strong>1. Fr\u00e9d\u00e9ric Pasqualini<\/strong><\/td><td>+8<\/td><\/tr><tr><td><\/td><td><\/td><td>4. Fr\u00e9d\u00e9ric Delamotte<\/td><td>+52<\/td><\/tr><tr><td><\/td><td><\/td><td>5. Beno\u00eet Duc Dodon<\/td><td>+60<\/td><\/tr><tr><td><\/td><td><\/td><td>6. C\u00e9dric Guyon<\/td><td>+62<\/td><\/tr><tr><td><\/td><td><strong>MA1<\/strong><\/td><td><strong>1. Hippolyte Delamotte<\/strong><\/td><td>+16<\/td><\/tr><tr><td><\/td><td><\/td><td><strong>2. Marin Perez<\/strong><\/td><td>+17<\/td><\/tr><tr><td><\/td><td><\/td><td><strong>3. Manuel Robert<\/strong><\/td><td>+22<\/td><\/tr><tr><td><\/td><td><\/td><td>4. Alexis Guyon<\/td><td>+25<\/td><\/tr><tr><td><\/td><td>MJ18<\/td><td><strong>2. Marin Plasse<\/strong><\/td><td>+38<\/td><\/tr><tr><td><\/td><td><\/td><td><\/td><td><\/td><\/tr><tr><td><a href=\"https:\/\/www.pdga.com\/tour\/event\/79909\">2024<\/a><\/td><td><strong>MPO<\/strong><\/td><td><strong>2. Paul Ecoutin<\/strong><\/td><td>-8<\/td><\/tr><tr><td><\/td><td><\/td><td><strong>3. Eric Schilliger<\/strong><\/td><td>-7<\/td><\/tr><tr><td><\/td><td><\/td><td>5. Fr\u00e9d\u00e9ric Pasqualini<\/td><td>-2<\/td><\/tr><tr><td><\/td><td><\/td><td>6. R\u00e9gis Brouard<\/td><td>+1<\/td><\/tr><tr><td><\/td><td><\/td><td>7. Bertrand Ecoutin<\/td><td>+2<\/td><\/tr><tr><td><\/td><td><\/td><td>10. Jonathan Sol<\/td><td>+7<\/td><\/tr><tr><td><\/td><td><strong>FPO<\/strong><\/td><td><strong>1. F\u00e9anor Brouard<\/strong><\/td><td>+27<\/td><\/tr><tr><td><\/td><td><\/td><td><strong>2. Laura Montana<\/strong><\/td><td>+32<\/td><\/tr><tr><td><\/td><td><\/td><td>4. Elisa Brault<\/td><td>+33<\/td><\/tr><tr><td><\/td><td><\/td><td>5. B\u00e9n\u00e9dicte Bruel<\/td><td>+37<\/td><\/tr><tr><td><\/td><td><strong>MJ18<\/strong><\/td><td><strong>1. Marin Perez<\/strong><\/td><td>+17<\/td><\/tr><tr><td><\/td><td><strong>MA1<\/strong><\/td><td><strong>1. J\u00e9r\u00e9my Possama\u00ef<\/strong><\/td><td>+3<\/td><\/tr><tr><td><\/td><td><\/td><td><strong>3. Hippolyte Delamotte<\/strong><\/td><td>+6<\/td><\/tr><tr><td><\/td><td><\/td><td>5. Maxime Gonzalez<\/td><td>+9<\/td><\/tr><tr><td><\/td><td><\/td><td>6. Cyrille Perez<\/td><td>+12<\/td><\/tr><tr><td><\/td><td><\/td><td>12. Noan Poursin<\/td><td>+24<\/td><\/tr><tr><td><\/td><td><\/td><td>12. Yohann Gore<\/td><td>+24<\/td><\/tr><tr><td><\/td><td><\/td><td>14. Nicolas Fabre<\/td><td>+29<\/td><\/tr><tr><td><\/td><td><\/td><td>15. Valentin Grandjean<\/td><td>+31<\/td><\/tr><tr><td><\/td><td><\/td><td>16. Loic Evanno<\/td><td>+36<\/td><\/tr><tr><td><\/td><td><\/td><td>16. C\u00e9dric Guyon<\/td><td>+36<\/td><\/tr><tr><td><\/td><td><\/td><td><\/td><td><\/td><\/tr><\/tbody><\/table><\/figure>\n\n\n\n<h2 class=\"wp-block-heading\">Challenge F\u00e9minin (WGE &#8211; Women Global Event ou \u00ab\u00a0Elles\u00a0\u00bb)<\/h2>\n\n\n\n<figure class=\"wp-block-table is-style-stripes\"><table class=\"has-fixed-layout\"><tbody><tr><td><a href=\"https:\/\/www.pdga.com\/apps\/tournament\/live\/event?eventId=78915\">2023-2024<\/a><\/td><td><strong>FJ18 Championne<\/strong><\/td><td><strong>\u00c9lo\u00efne Brouard<\/strong><\/td><\/tr><tr><td><\/td><td><strong>FA3 Championne<\/strong><\/td><td><strong>F\u00e9anor Brouard<\/strong><\/td><\/tr><tr><td><\/td><td>FA40 3\u00e8me<\/td><td>\u00c9lisa Brault<\/td><\/tr><tr><td><\/td><td>FA40 4\u00e8me<\/td><td>B\u00e9n\u00e9dicte Bruel<\/td><\/tr><tr><td><\/td><td>FA40 5\u00e8me<\/td><td>Aur\u00e9lia Brotons<\/td><\/tr><tr><td>2022-2023<\/td><td><strong>FJ18 Championne<\/strong><\/td><td><strong>\u00c9lo\u00efne Brouard<\/strong><\/td><\/tr><tr><td><\/td><td><strong>FA4 Championne<\/strong><\/td><td><strong>F\u00e9anor Brouard<\/strong><\/td><\/tr><tr><td><\/td><td>FA40 5\u00e8me<\/td><td>\u00c9lisa Brault<\/td><\/tr><tr><td><\/td><td>FA40 7\u00e8me<\/td><td>Aur\u00e9lia Brotons<\/td><\/tr><tr><td><\/td><td>FA40 8\u00e8me<\/td><td>B\u00e9n\u00e9dicte Bruel<\/td><\/tr><tr><td>2021-2022<\/td><td><strong>FJ18 Championne<\/strong><\/td><td><strong>F\u00e9anor Brouard<\/strong><\/td><\/tr><tr><td><\/td><td><strong>FJ15 Championne<\/strong><\/td><td><strong>\u00c9lo\u00efne Brouard<\/strong><\/td><\/tr><tr><td><\/td><td>FA40 6\u00e8me<\/td><td>Aur\u00e9lia Brotons<\/td><\/tr><\/tbody><\/table><\/figure>\n\n\n\n<h2 class=\"wp-block-heading\">Babylon Discuss Open<\/h2>\n\n\n\n<figure class=\"wp-block-table is-style-stripes\"><table class=\"has-fixed-layout\"><tbody><tr><td><a href=\"https:\/\/www.pdga.com\/live\/event\/89587\">2025<\/a><\/td><td>MA1<\/td><td>6\u00e8me<\/td><td>Bertrand Ecoutin<\/td><\/tr><tr><td><\/td><td><\/td><td>13\u00e8me<\/td><td>Beno\u00eet Ren\u00e9<\/td><\/tr><tr><td><\/td><td>MA3<\/td><td>7\u00e8me<\/td><td>Augustin Dekerle<\/td><\/tr><tr><td><\/td><td><\/td><td>10\u00e8me<\/td><td>Ga\u00ebl Lorphelin<\/td><\/tr><tr><td><\/td><td><\/td><td>16\u00e8me<\/td><td>Beno\u00eet Nicourt<\/td><\/tr><tr><td><\/td><td><\/td><td>18\u00e8me<\/td><td>Damien Mouton<\/td><\/tr><tr><td><a href=\"https:\/\/www.pdga.com\/tour\/event\/83701\">2024<\/a><\/td><td>FA1<\/td><td><strong>3\u00e8me<\/strong><\/td><td><strong>F\u00e9anor Brouard<\/strong><\/td><\/tr><tr><td><\/td><td>FA40<\/td><td><strong>3\u00e8me<\/strong><\/td><td><strong>\u00c9lisa Brault<\/strong><\/td><\/tr><tr><td><\/td><td><\/td><td>4\u00e8me<\/td><td>B\u00e9n\u00e9dicte Bruel<\/td><\/tr><tr><td><\/td><td>MA40<\/td><td><strong>Champion<\/strong><\/td><td><strong>\u00c9ric Schilliger<\/strong><\/td><\/tr><tr><td><\/td><td>MA1<\/td><td>4\u00e8me<\/td><td>Bertrand Ecoutin<\/td><\/tr><tr><td><\/td><td>MA3<\/td><td><strong>3\u00e8me<\/strong><\/td><td><strong>R\u00e9gis Brouard<\/strong><\/td><\/tr><tr><td><\/td><td><\/td><td>16\u00e8me<\/td><td>Augustin Dekerle<\/td><\/tr><tr><td><a href=\"https:\/\/www.pdga.com\/tour\/event\/69926\">2023<\/a><\/td><td><strong>FJ18<\/strong><\/td><td><strong>Championne<\/strong><\/td><td><strong>F\u00e9anor Brouard<\/strong><\/td><\/tr><tr><td><\/td><td><strong>FA40<\/strong><\/td><td><strong>3\u00e8me<\/strong><\/td><td><strong>\u00c9lisa Brault<\/strong><\/td><\/tr><tr><td><\/td><td>MA1<\/td><td>5\u00e8me<\/td><td>Lucas Schilliger<\/td><\/tr><tr><td><\/td><td>MA1<\/td><td>14\u00e8me<\/td><td>Bertrand Ecoutin<\/td><\/tr><tr><td><\/td><td><strong>MA40<\/strong><\/td><td><strong>Vice-Champion<\/strong><\/td><td><strong>\u00c9ric Schilliger<\/strong><\/td><\/tr><tr><td><\/td><td>MA40<\/td><td>9\u00e8me<\/td><td>R\u00e9gis Brouard<\/td><\/tr><tr><td><\/td><td>MA50<\/td><td>15\u00e8me<\/td><td>Fr\u00e9d\u00e9ric Pasqualini<\/td><\/tr><tr><td><\/td><td><\/td><td><\/td><td><\/td><\/tr><tr><td>2022<\/td><td><strong>MA40<\/strong><\/td><td><strong>Champion<\/strong><\/td><td><strong>Eric Schilliger<\/strong><\/td><\/tr><tr><td><\/td><td>MA1<\/td><td>7\u00e8me\/34<\/td><td>Paul Ecoutin<\/td><\/tr><tr><td><\/td><td>MA1<\/td><td>12\u00e8me\/34<\/td><td>Bertrand Ecoutin<\/td><\/tr><tr><td><\/td><td>MA1<\/td><td>20\u00e8me\/34<\/td><td>Lucas Schilliger<\/td><\/tr><tr><td><\/td><td>FA1<\/td><td>6\u00e8me\/7<\/td><td>Elisa Brault<\/td><\/tr><tr><td><\/td><td>FA1<\/td><td>7\u00e8me\/7<\/td><td>Aur\u00e9lia Brotons<\/td><\/tr><tr><td>2021<\/td><td>MA1<\/td><td>11\u00e8me\/27<\/td><td>Bertrand Ecoutin<\/td><\/tr><\/tbody><\/table><\/figure>\n\n\n\n<h2 class=\"wp-block-heading\">Open du Grand Parquet<\/h2>\n\n\n\n<figure class=\"wp-block-table is-style-stripes\"><table class=\"has-fixed-layout\"><tbody><tr><td>2022-2023<\/td><td>MJ18 1er<\/td><td>Lo\u00efc Schilliger +56<\/td><\/tr><tr><td><\/td><td>FPO 2\u00e8me\/6<\/td><td>F\u00e9anor BROUARD +44<\/td><\/tr><tr><td><\/td><td>FPO 3\u00e8me<\/td><td>\u00c9lisa Brault +46<\/td><\/tr><tr><td><\/td><td>FPO 4\u00e8me<\/td><td>B\u00e9n\u00e9dicte Bruel +52<\/td><\/tr><tr><td><\/td><td>FPO 5\u00e8me<\/td><td>Aur\u00e9lia Brotons +53<\/td><\/tr><tr><td><\/td><td>FPO 6\u00e8me<\/td><td>Emma Guyon +56<\/td><\/tr><tr><td><\/td><td>MP40 2\u00e8me\/15<\/td><td>\u00c9ric Schilliger -6<\/td><\/tr><tr><td><\/td><td>MP40 10\u00e8me<\/td><td>Cyrille Perez +9<\/td><\/tr><tr><td><\/td><td>MP40 11\u00e8me<\/td><td>R\u00e9gis BROUARD +17<\/td><\/tr><tr><td><\/td><td>MP40 14\u00e8me<\/td><td>Yohann Gore +45<\/td><\/tr><tr><td><\/td><td>MP40 15\u00e8me<\/td><td>Manuel San Francisco +60<\/td><\/tr><tr><td><\/td><td>MPO 4\u00e8me\/22<\/td><td>Lucas Schilliger -5<\/td><\/tr><tr><td><\/td><td>MPO 5\u00e8me<\/td><td>Paul Ecoutin -5<\/td><\/tr><tr><td><\/td><td>MPO 6\u00e8me<\/td><td>Bertrand Ecoutin -2<\/td><\/tr><tr><td><\/td><td>MPO 11\u00e8me<\/td><td>F\u00e9lix Priour-Martin +2<\/td><\/tr><tr><td><\/td><td>MPO 13\u00e8me<\/td><td>Jonathan Sol +4<\/td><\/tr><tr><td><\/td><td>MPO 15\u00e8me<\/td><td>J\u00e9r\u00e9my Possama\u00ef +7<\/td><\/tr><tr><td><\/td><td>MPO 20\u00e8me<\/td><td>Maxime Gonzalez +21<\/td><\/tr><tr><td><\/td><td>MPO 21\u00e8me<\/td><td>J\u00e9r\u00f4me Gaucher +23<\/td><\/tr><tr><td><\/td><td>MPO 22\u00e8me<\/td><td>Lacha Mjavanadze +45<\/td><\/tr><tr><td>2021-2022<\/td><td>MPO 7\u00e8me\/33<\/td><td>Bertrand Ecoutin +7<\/td><\/tr><tr><td><\/td><td>19\u00e8me<\/td><td>J\u00e9r\u00e9my Possama\u00ef +19<\/td><\/tr><tr><td><\/td><td>20\u00e8me<\/td><td>Jonathan SOL +20<\/td><\/tr><tr><td><\/td><td>20\u00e8me ex<\/td><td> Cyrille Perez +20<\/td><\/tr><tr><td><\/td><td>24\u00e8me<\/td><td>R\u00e9gis Brouard+21<\/td><\/tr><tr><td><\/td><td>26\u00e8me<\/td><td>J\u00e9r\u00f4me Gaucher +22<\/td><\/tr><tr><td><\/td><td>26\u00e8me ex<\/td><td>Lo\u00efc Evanno +22<\/td><\/tr><tr><td><\/td><td>29\u00e8me<\/td><td>Olivier Jaire +23<\/td><\/tr><tr><td><\/td><td>29\u00e8me ex<\/td><td>Maxime Gonzalez +23<\/td><\/tr><tr><td><\/td><td>33\u00e8me<\/td><td>Aur\u00e9lia Brotons +67<\/td><\/tr><tr><td><\/td><td><\/td><td><\/td><\/tr><tr><td><\/td><td><\/td><td><\/td><\/tr><\/tbody><\/table><\/figure>\n\n\n\n<h2 class=\"wp-block-heading\">Open de Russon<\/h2>\n\n\n\n<figure class=\"wp-block-table is-style-stripes\"><table><tbody><tr><td>2023 mars 25&amp;26<\/td><td>MPO 6\u00e8me\/7<\/td><td>Bertrand Ecoutin +24 (par \u00e0 177)<\/td><\/tr><tr><td><\/td><td><strong>MA1 1er\/7<\/strong><\/td><td>Paul Ecoutin +14<\/td><\/tr><tr><td><\/td><td>FA1 2\u00e8me\/3<\/td><td>\u00c9lisa Brault +94<\/td><\/tr><tr><td><\/td><td>FA1 3\u00e8me\/3<\/td><td>Aur\u00e9lia Brotons +109<\/td><\/tr><\/tbody><\/table><\/figure>\n\n\n\n<h2 class=\"wp-block-heading\">Orl\u00e9ans Challenge<\/h2>\n\n\n\n<figure class=\"wp-block-table is-style-stripes\"><table><tbody><tr><td>2023 mars 19<\/td><td>MPO 3\u00e8me\/26<\/td><td>Paul Ecoutin +2 (par 116)<\/td><td><\/td><\/tr><tr><td><\/td><td>MPO 8\u00e8me\/26<\/td><td>Bertrand Ecoutin +10<\/td><td><\/td><\/tr><tr><td><\/td><td>MPO 9\u00e8me\/26<\/td><td>R\u00e9gis Brouard +12<\/td><td><\/td><\/tr><tr><td><\/td><td>MPO 19\u00e8me\/26<\/td><td>Fr\u00e9d\u00e9ric Pasqualini +34<\/td><td><\/td><\/tr><tr><td><\/td><td>FPO 2\u00e8me\/4<\/td><td>\u00c9lisa Brault +35<\/td><td><\/td><\/tr><tr><td><\/td><td>FPO 3\u00e8me\/4<\/td><td>B\u00e9n\u00e9dicte Bruel +51<\/td><td><\/td><\/tr><tr><td><\/td><td>FPO 4\u00e8me<\/td><td>Aur\u00e9lia Brotons +53<\/td><td><\/td><\/tr><\/tbody><\/table><\/figure>\n\n\n\n<h2 class=\"wp-block-heading\">Open de Saint-Beno\u00eet-la-For\u00eat<\/h2>\n\n\n\n<figure class=\"wp-block-table is-style-stripes\"><table><tbody><tr><td><a href=\"https:\/\/www.pdga.com\/apps\/tournament\/live\/event?view=Scores&amp;eventId=77582&amp;round=3&amp;division=All\">2024 f\u00e9vrier 10&amp;11<\/a><\/td><td>MA1 3\u00e8me<\/td><td>Paul ECOUTIN (+3\/+6\/+7|+16)<\/td><\/tr><tr><td><\/td><td>MA1 15\u00e8me<\/td><td>Bertrand ECOUTIN (+16\/+5\/+14|+35)<\/td><\/tr><tr><td><\/td><td>MA50 8\u00e8me<\/td><td>Fr\u00e9d\u00e9ric PASQUALINI (+13\/+11\/+11|+35)<\/td><\/tr><\/tbody><\/table><\/figure>\n","protected":false},"excerpt":{"rendered":"<div class=\"mh-excerpt\"><p>Open du Pays de Nemours 2025 MPO 3. Bertrand Ecoutin +10 6. Maxime Gonzalez +16 7. Beno\u00eet Ren\u00e9 +17 9. F\u00e9lix Priour-Martin +34 FPO 1. <a class=\"mh-excerpt-more\" href=\"https:\/\/tsunamiduloing.fr\/?page_id=708\" title=\"Tournois\">[&#8230;]<\/a><\/p>\n<\/div>","protected":false},"author":1,"featured_media":0,"parent":292,"menu_order":0,"comment_status":"closed","ping_status":"closed","template":"","meta":{"footnotes":""},"class_list":["post-708","page","type-page","status-publish","hentry"],"_links":{"self":[{"href":"https:\/\/tsunamiduloing.fr\/index.php?rest_route=\/wp\/v2\/pages\/708","targetHints":{"allow":["GET"]}}],"collection":[{"href":"https:\/\/tsunamiduloing.fr\/index.php?rest_route=\/wp\/v2\/pages"}],"about":[{"href":"https:\/\/tsunamiduloing.fr\/index.php?rest_route=\/wp\/v2\/types\/page"}],"author":[{"embeddable":true,"href":"https:\/\/tsunamiduloing.fr\/index.php?rest_route=\/wp\/v2\/users\/1"}],"replies":[{"embeddable":true,"href":"https:\/\/tsunamiduloing.fr\/index.php?rest_route=%2Fwp%2Fv2%2Fcomments&post=708"}],"version-history":[{"count":25,"href":"https:\/\/tsunamiduloing.fr\/index.php?rest_route=\/wp\/v2\/pages\/708\/revisions"}],"predecessor-version":[{"id":2796,"href":"https:\/\/tsunamiduloing.fr\/index.php?rest_route=\/wp\/v2\/pages\/708\/revisions\/2796"}],"up":[{"embeddable":true,"href":"https:\/\/tsunamiduloing.fr\/index.php?rest_route=\/wp\/v2\/pages\/292"}],"wp:attachment":[{"href":"https:\/\/tsunamiduloing.fr\/index.php?rest_route=%2Fwp%2Fv2%2Fmedia&parent=708"}],"curies":[{"name":"wp","href":"https:\/\/api.w.org\/{rel}","templated":true}]}}