{"id":774,"date":"2022-10-24T15:22:19","date_gmt":"2022-10-24T13:22:19","guid":{"rendered":"http:\/\/tsunamiduloing.fr\/?page_id=774"},"modified":"2022-11-23T17:24:42","modified_gmt":"2022-11-23T16:24:42","slug":"open-du-grand-parquet-2022","status":"publish","type":"page","link":"https:\/\/tsunamiduloing.fr\/?page_id=774","title":{"rendered":"Open Grand Parquet 2022"},"content":{"rendered":"<div class=\"wp-block-image\">\n<figure class=\"aligncenter size-full is-resized\"><img loading=\"lazy\" decoding=\"async\" src=\"http:\/\/tsunamiduloing.fr\/wp-content\/uploads\/2022\/10\/logo_2022_grand.png\" alt=\"\" class=\"wp-image-775\" width=\"564\" height=\"564\" srcset=\"https:\/\/tsunamiduloing.fr\/wp-content\/uploads\/2022\/10\/logo_2022_grand.png 850w, https:\/\/tsunamiduloing.fr\/wp-content\/uploads\/2022\/10\/logo_2022_grand-300x300.png 300w, https:\/\/tsunamiduloing.fr\/wp-content\/uploads\/2022\/10\/logo_2022_grand-150x150.png 150w, https:\/\/tsunamiduloing.fr\/wp-content\/uploads\/2022\/10\/logo_2022_grand-768x768.png 768w\" sizes=\"auto, (max-width: 564px) 100vw, 564px\" \/><\/figure>\n<\/div>\n\n\n<p>Pour sa seconde \u00e9dition, l&rsquo;Open du Grand Parquet se d\u00e9roulera le 27 novembre 2022 au c\u0153ur du tr\u00e8s r\u00e9put\u00e9 Stade \u00c9questre du Grand Parquet \u00e0 FONTAINEBLEAU F-77, sur un parcours \u00e9ph\u00e9m\u00e8re de 18 corbeilles.<br><br><strong>Adresse du tournoi&nbsp;<\/strong>: RD 152, route d\u2019Orl\u00e9ans, 77300 Fontainebleau.&nbsp;<br><a href=\"https:\/\/goo.gl\/maps\/DmqN3jq1LzqDcn338\">Acc\u00e8s Maps du Grand Parquet<\/a>&nbsp;&#8211; <a href=\"https:\/\/waze.com\/ul\/hu09gkck37\">Acc\u00e8s Waze<\/a><\/p>\n\n\n\n<p><strong>L&rsquo;accueil des participants se fera dans une salle chauff\u00e9e, ainsi que le repas du midi. Possibilit\u00e9 de r\u00e9chauffer votre nourriture dans un micro-onde.<\/strong><\/p>\n\n\n\n<p>C\u2019est un tournoi&nbsp;<strong>PDGA C-Tier organis\u00e9 par Tsunami du Loing.<\/strong><\/p>\n\n\n\n<p>Nous pouvons accueillir jusqu&rsquo;\u00e0&nbsp;<strong>72 participants<\/strong>. L\u2019inscription sera valid\u00e9e une fois le paiement effectu\u00e9. Le tournoi sera compos\u00e9 de&nbsp;<strong>2 manches de 18 trous<\/strong>.&nbsp;<\/p>\n\n\n\n<p>Les inscriptions au tournoi se font sur Disc Golf Metrix.&nbsp;<a href=\"https:\/\/discgolfmetrix.com\/2367572\">discgolfmetrix.com\/GrandParquet<\/a><br>La comp\u00e9tition est ouverte \u00e0 toute personne poss\u00e9dant une licence comp\u00e9tition Disc Golf FFFD.<\/p>\n\n\n\n<p>Les cat\u00e9gories MPO, FPO, et Junior &lt;18 sont ouvertes<\/p>\n\n\n\n<p><strong>Frais d\u2019inscriptions au tournoi :&nbsp;<\/strong><\/p>\n\n\n\n<ul class=\"wp-block-list\">\n<li>Licenci\u00e9 Disc Golf PDGA&nbsp;<strong>: \u20ac12<\/strong><\/li>\n\n\n\n<li>Temporaire : 9,50\u20ac (dont 3,50\u20ac d&rsquo;assurance) \u00e0 ajouter aux frais d\u2019inscription,&nbsp;<strong>soit \u20ac21,50<\/strong><\/li>\n\n\n\n<li>Participation facultative au 2 CTP&nbsp;<strong>: \u20ac2<\/strong><\/li>\n\n\n\n<li>Participation facultative \u00e0 l&rsquo;ACE&nbsp;<strong>: \u20ac1<\/strong><\/li>\n<\/ul>\n\n\n\n<p><strong>Restauration :<\/strong><\/p>\n\n\n\n<p>Tarif unique de \u20ac8 pour un sandwich \/ quiche + dessert + boisson. Merci de renseigner le formulaire ci-apr\u00e8s :<\/p>\n\n\n\n<p><a href=\"https:\/\/docs.google.com\/forms\/d\/e\/1FAIpQLSfh5pld66LuTkqI2Hlvw8O71Fq0FLf-jlxFs5bKYiLUlTLiLw\/viewform\">Formulaire repas OGP 2022<\/a><\/p>\n\n\n\n<p><strong>Phase d\u2019inscription&nbsp;:<\/strong><\/p>\n\n\n\n<p>Il n\u2019y aura pas de phase d\u2019inscription. Les premiers inscrits ET qui auront r\u00e9gl\u00e9 les frais seront prioritaires en cas de d\u00e9passement du nombre maximum de joueurs (72 pour rappel)<\/p>\n\n\n\n<p><strong>R\u00e8glement en ligne sur :<\/strong><\/p>\n\n\n\n<p><a href=\"https:\/\/www.helloasso.com\/associations\/tsunami-du-loing\/evenements\/open-du-grand-parquet-2022\">https:\/\/www.helloasso.com\/associations\/tsunami-du-loing\/evenements\/open-du-grand-parquet-2022<\/a><\/p>\n\n\n\n<p><strong><u>PROGRAMME PREVISIONNEL<\/u><\/strong><\/p>\n\n\n\n<p><strong>Samedi 26&nbsp;novembre 2022<\/strong><br>10h00 \u2013 D\u00e9but de l\u2019installation du parcours temporaire.<br>14h00 \u2013 Ouverture du QG pour enregistrement<br>14h00 \u2013 Ouverture du Parcours pour reconnaissance<br>18h00 \u2013 Fermeture du QG<\/p>\n\n\n\n<p><strong>Dimanche 27 novembre 2022<\/strong><br>7h30 &#8211; Ouverture du QG, derniers enregistrements<br>8h00 &#8211; Meeting et distribution des cartes de scores&nbsp;<br>8h30 &#8211; D\u00e9part Ronde 1<br>12h00 &#8211; Pause d\u00e9jeuner&nbsp;<br>13h00 &#8211; D\u00e9part Ronde 2<\/p>\n\n\n\n<p><br>Remise des prix au QG \u00e0 la fin de la derni\u00e8re manche. Les 3 premiers de chaque cat\u00e9gorie se verront&nbsp;remettre une r\u00e9compense.<\/p>\n\n\n\n<p><strong>D\u00e9tails<\/strong> <strong>du<\/strong> <strong>parcours<\/strong> : <a href=\"https:\/\/www.google.com\/maps\/d\/edit?mid=1TjCALGxRvYPGEwmX7lAN4-uiASpNrDg&amp;ll=48.39153954613812%2C2.6733620718411544&amp;z=18\">Plan OGP 2022<\/a><\/p>\n\n\n\n<p><a href=\"https:\/\/www.pdga.com\/tour\/event\/64068\">https:\/\/www.pdga.com\/tour\/event\/64068<\/a><\/p>\n\n\n\n<p><strong><em>Ev\u00e8nement sponsoris\u00e9 par<\/em><\/strong><\/p>\n\n\n\n<ul class=\"wp-block-list\">\n<li>Hole19<\/li>\n\n\n\n<li>AvonTroph\u00e9e Diffusion<\/li>\n\n\n\n<li>Pachamamma Brasserie<\/li>\n<\/ul>\n\n\n\n<p><strong><em>soutenu par <\/em><\/strong><\/p>\n\n\n\n<ul class=\"wp-block-list\">\n<li>Le Grand Parquet<\/li>\n\n\n\n<li>la Communaut\u00e9 d&rsquo;Agglom\u00e9ration de Fontainebleau<\/li>\n\n\n\n<li>D\u00e9partement de la Seine-et-Marne<\/li>\n\n\n\n<li>la ligue Flying Disc Ile-de-France<\/li>\n\n\n\n<li>le comit\u00e9 Flying Disc 77<\/li>\n<\/ul>\n\n\n\n<p><strong><em>en partenariat avec<\/em><\/strong><\/p>\n\n\n\n<ul class=\"wp-block-list\">\n<li>le Fournil de Fontainebleau<\/li>\n<\/ul>\n\n\n\n<p><\/p>\n\n\n\n<p>Gestion de l&rsquo;organisation :<\/p>\n\n\n\n<p>TD : Bertrand ECOUTIN\u00a0 &#8211; 07 70 03 09 86 &#8211; bertrand.ecoutin@gmail.com<br>CO-TD : Eric SCHILLIGER &#8211; 06 64 41 76 59 &#8211;\u00a0eschilliger@gmail.com<\/p>\n\n\n\n<h2 class=\"wp-block-heading\">Le parcours<\/h2>\n\n\n\n<figure class=\"wp-block-gallery has-nested-images columns-default is-cropped wp-block-gallery-1 is-layout-flex wp-block-gallery-is-layout-flex\">\n<figure class=\"wp-block-image size-large\"><img loading=\"lazy\" decoding=\"async\" width=\"1024\" height=\"791\" data-id=\"835\" src=\"http:\/\/tsunamiduloing.fr\/wp-content\/uploads\/2022\/11\/plan_global_2-1024x791.png\" alt=\"\" class=\"wp-image-835\" srcset=\"https:\/\/tsunamiduloing.fr\/wp-content\/uploads\/2022\/11\/plan_global_2-1024x791.png 1024w, https:\/\/tsunamiduloing.fr\/wp-content\/uploads\/2022\/11\/plan_global_2-300x232.png 300w, https:\/\/tsunamiduloing.fr\/wp-content\/uploads\/2022\/11\/plan_global_2-768x593.png 768w, https:\/\/tsunamiduloing.fr\/wp-content\/uploads\/2022\/11\/plan_global_2.png 1399w\" sizes=\"auto, (max-width: 1024px) 100vw, 1024px\" \/><\/figure>\n\n\n\n<figure class=\"wp-block-image size-large\"><img loading=\"lazy\" decoding=\"async\" width=\"595\" height=\"842\" data-id=\"833\" src=\"http:\/\/tsunamiduloing.fr\/wp-content\/uploads\/2022\/11\/trou_01.png\" alt=\"\" class=\"wp-image-833\" srcset=\"https:\/\/tsunamiduloing.fr\/wp-content\/uploads\/2022\/11\/trou_01.png 595w, https:\/\/tsunamiduloing.fr\/wp-content\/uploads\/2022\/11\/trou_01-212x300.png 212w\" sizes=\"auto, (max-width: 595px) 100vw, 595px\" \/><\/figure>\n\n\n\n<figure class=\"wp-block-image size-large\"><img loading=\"lazy\" decoding=\"async\" width=\"595\" height=\"842\" data-id=\"830\" src=\"http:\/\/tsunamiduloing.fr\/wp-content\/uploads\/2022\/11\/trou_02.png\" alt=\"\" class=\"wp-image-830\" srcset=\"https:\/\/tsunamiduloing.fr\/wp-content\/uploads\/2022\/11\/trou_02.png 595w, https:\/\/tsunamiduloing.fr\/wp-content\/uploads\/2022\/11\/trou_02-212x300.png 212w\" sizes=\"auto, (max-width: 595px) 100vw, 595px\" \/><\/figure>\n\n\n\n<figure class=\"wp-block-image size-large\"><img loading=\"lazy\" decoding=\"async\" width=\"595\" height=\"842\" data-id=\"832\" src=\"http:\/\/tsunamiduloing.fr\/wp-content\/uploads\/2022\/11\/trou_03.png\" alt=\"\" class=\"wp-image-832\" srcset=\"https:\/\/tsunamiduloing.fr\/wp-content\/uploads\/2022\/11\/trou_03.png 595w, https:\/\/tsunamiduloing.fr\/wp-content\/uploads\/2022\/11\/trou_03-212x300.png 212w\" sizes=\"auto, (max-width: 595px) 100vw, 595px\" \/><\/figure>\n\n\n\n<figure class=\"wp-block-image size-large\"><img loading=\"lazy\" decoding=\"async\" width=\"595\" height=\"842\" data-id=\"834\" src=\"http:\/\/tsunamiduloing.fr\/wp-content\/uploads\/2022\/11\/trou_04.png\" alt=\"\" class=\"wp-image-834\" srcset=\"https:\/\/tsunamiduloing.fr\/wp-content\/uploads\/2022\/11\/trou_04.png 595w, https:\/\/tsunamiduloing.fr\/wp-content\/uploads\/2022\/11\/trou_04-212x300.png 212w\" sizes=\"auto, (max-width: 595px) 100vw, 595px\" \/><\/figure>\n\n\n\n<figure class=\"wp-block-image size-large\"><img loading=\"lazy\" decoding=\"async\" width=\"595\" height=\"842\" data-id=\"831\" src=\"http:\/\/tsunamiduloing.fr\/wp-content\/uploads\/2022\/11\/trou_05.png\" alt=\"\" class=\"wp-image-831\" srcset=\"https:\/\/tsunamiduloing.fr\/wp-content\/uploads\/2022\/11\/trou_05.png 595w, https:\/\/tsunamiduloing.fr\/wp-content\/uploads\/2022\/11\/trou_05-212x300.png 212w\" sizes=\"auto, (max-width: 595px) 100vw, 595px\" \/><\/figure>\n\n\n\n<figure class=\"wp-block-image size-large\"><img loading=\"lazy\" decoding=\"async\" width=\"595\" height=\"842\" data-id=\"837\" src=\"http:\/\/tsunamiduloing.fr\/wp-content\/uploads\/2022\/11\/trou_06.png\" alt=\"\" class=\"wp-image-837\" srcset=\"https:\/\/tsunamiduloing.fr\/wp-content\/uploads\/2022\/11\/trou_06.png 595w, https:\/\/tsunamiduloing.fr\/wp-content\/uploads\/2022\/11\/trou_06-212x300.png 212w\" sizes=\"auto, (max-width: 595px) 100vw, 595px\" \/><\/figure>\n\n\n\n<figure class=\"wp-block-image size-large\"><img loading=\"lazy\" decoding=\"async\" width=\"595\" height=\"842\" data-id=\"836\" src=\"http:\/\/tsunamiduloing.fr\/wp-content\/uploads\/2022\/11\/trou_07.png\" alt=\"\" class=\"wp-image-836\" srcset=\"https:\/\/tsunamiduloing.fr\/wp-content\/uploads\/2022\/11\/trou_07.png 595w, https:\/\/tsunamiduloing.fr\/wp-content\/uploads\/2022\/11\/trou_07-212x300.png 212w\" sizes=\"auto, (max-width: 595px) 100vw, 595px\" \/><\/figure>\n\n\n\n<figure class=\"wp-block-image size-large\"><img loading=\"lazy\" decoding=\"async\" width=\"595\" height=\"842\" data-id=\"838\" src=\"http:\/\/tsunamiduloing.fr\/wp-content\/uploads\/2022\/11\/trou_08.png\" alt=\"\" class=\"wp-image-838\" srcset=\"https:\/\/tsunamiduloing.fr\/wp-content\/uploads\/2022\/11\/trou_08.png 595w, https:\/\/tsunamiduloing.fr\/wp-content\/uploads\/2022\/11\/trou_08-212x300.png 212w\" sizes=\"auto, (max-width: 595px) 100vw, 595px\" \/><\/figure>\n\n\n\n<figure class=\"wp-block-image size-large\"><img loading=\"lazy\" decoding=\"async\" width=\"595\" height=\"842\" data-id=\"839\" src=\"http:\/\/tsunamiduloing.fr\/wp-content\/uploads\/2022\/11\/trou_09.png\" alt=\"\" class=\"wp-image-839\" srcset=\"https:\/\/tsunamiduloing.fr\/wp-content\/uploads\/2022\/11\/trou_09.png 595w, https:\/\/tsunamiduloing.fr\/wp-content\/uploads\/2022\/11\/trou_09-212x300.png 212w\" sizes=\"auto, (max-width: 595px) 100vw, 595px\" \/><\/figure>\n\n\n\n<figure class=\"wp-block-image size-large\"><img loading=\"lazy\" decoding=\"async\" width=\"595\" height=\"842\" data-id=\"840\" src=\"http:\/\/tsunamiduloing.fr\/wp-content\/uploads\/2022\/11\/trou_10.png\" alt=\"\" class=\"wp-image-840\" srcset=\"https:\/\/tsunamiduloing.fr\/wp-content\/uploads\/2022\/11\/trou_10.png 595w, https:\/\/tsunamiduloing.fr\/wp-content\/uploads\/2022\/11\/trou_10-212x300.png 212w\" sizes=\"auto, (max-width: 595px) 100vw, 595px\" \/><\/figure>\n\n\n\n<figure class=\"wp-block-image size-large\"><img loading=\"lazy\" decoding=\"async\" width=\"595\" height=\"842\" data-id=\"841\" src=\"http:\/\/tsunamiduloing.fr\/wp-content\/uploads\/2022\/11\/trou_11.png\" alt=\"\" class=\"wp-image-841\" srcset=\"https:\/\/tsunamiduloing.fr\/wp-content\/uploads\/2022\/11\/trou_11.png 595w, https:\/\/tsunamiduloing.fr\/wp-content\/uploads\/2022\/11\/trou_11-212x300.png 212w\" sizes=\"auto, (max-width: 595px) 100vw, 595px\" \/><\/figure>\n\n\n\n<figure class=\"wp-block-image size-large\"><img loading=\"lazy\" decoding=\"async\" width=\"595\" height=\"842\" data-id=\"842\" src=\"http:\/\/tsunamiduloing.fr\/wp-content\/uploads\/2022\/11\/trou_12.png\" alt=\"\" class=\"wp-image-842\" srcset=\"https:\/\/tsunamiduloing.fr\/wp-content\/uploads\/2022\/11\/trou_12.png 595w, https:\/\/tsunamiduloing.fr\/wp-content\/uploads\/2022\/11\/trou_12-212x300.png 212w\" sizes=\"auto, (max-width: 595px) 100vw, 595px\" \/><\/figure>\n\n\n\n<figure class=\"wp-block-image size-large\"><img loading=\"lazy\" decoding=\"async\" width=\"595\" height=\"842\" data-id=\"843\" src=\"http:\/\/tsunamiduloing.fr\/wp-content\/uploads\/2022\/11\/trou_13.png\" alt=\"\" class=\"wp-image-843\" srcset=\"https:\/\/tsunamiduloing.fr\/wp-content\/uploads\/2022\/11\/trou_13.png 595w, https:\/\/tsunamiduloing.fr\/wp-content\/uploads\/2022\/11\/trou_13-212x300.png 212w\" sizes=\"auto, (max-width: 595px) 100vw, 595px\" \/><\/figure>\n\n\n\n<figure class=\"wp-block-image size-large\"><img loading=\"lazy\" decoding=\"async\" width=\"595\" height=\"842\" data-id=\"844\" src=\"http:\/\/tsunamiduloing.fr\/wp-content\/uploads\/2022\/11\/trou_14.png\" alt=\"\" class=\"wp-image-844\" srcset=\"https:\/\/tsunamiduloing.fr\/wp-content\/uploads\/2022\/11\/trou_14.png 595w, https:\/\/tsunamiduloing.fr\/wp-content\/uploads\/2022\/11\/trou_14-212x300.png 212w\" sizes=\"auto, (max-width: 595px) 100vw, 595px\" \/><\/figure>\n\n\n\n<figure class=\"wp-block-image size-large\"><img loading=\"lazy\" decoding=\"async\" width=\"595\" height=\"842\" data-id=\"845\" src=\"http:\/\/tsunamiduloing.fr\/wp-content\/uploads\/2022\/11\/trou_15.png\" alt=\"\" class=\"wp-image-845\" srcset=\"https:\/\/tsunamiduloing.fr\/wp-content\/uploads\/2022\/11\/trou_15.png 595w, https:\/\/tsunamiduloing.fr\/wp-content\/uploads\/2022\/11\/trou_15-212x300.png 212w\" sizes=\"auto, (max-width: 595px) 100vw, 595px\" \/><\/figure>\n\n\n\n<figure class=\"wp-block-image size-large\"><img loading=\"lazy\" decoding=\"async\" width=\"595\" height=\"842\" data-id=\"847\" src=\"http:\/\/tsunamiduloing.fr\/wp-content\/uploads\/2022\/11\/trou_16.png\" alt=\"\" class=\"wp-image-847\" srcset=\"https:\/\/tsunamiduloing.fr\/wp-content\/uploads\/2022\/11\/trou_16.png 595w, https:\/\/tsunamiduloing.fr\/wp-content\/uploads\/2022\/11\/trou_16-212x300.png 212w\" sizes=\"auto, (max-width: 595px) 100vw, 595px\" \/><\/figure>\n\n\n\n<figure class=\"wp-block-image size-large\"><img loading=\"lazy\" decoding=\"async\" width=\"595\" height=\"842\" data-id=\"846\" src=\"http:\/\/tsunamiduloing.fr\/wp-content\/uploads\/2022\/11\/trou_17.png\" alt=\"\" class=\"wp-image-846\" srcset=\"https:\/\/tsunamiduloing.fr\/wp-content\/uploads\/2022\/11\/trou_17.png 595w, https:\/\/tsunamiduloing.fr\/wp-content\/uploads\/2022\/11\/trou_17-212x300.png 212w\" sizes=\"auto, (max-width: 595px) 100vw, 595px\" \/><\/figure>\n\n\n\n<figure class=\"wp-block-image size-large\"><img loading=\"lazy\" decoding=\"async\" width=\"595\" height=\"842\" data-id=\"848\" src=\"http:\/\/tsunamiduloing.fr\/wp-content\/uploads\/2022\/11\/trou_18.png\" alt=\"\" class=\"wp-image-848\" srcset=\"https:\/\/tsunamiduloing.fr\/wp-content\/uploads\/2022\/11\/trou_18.png 595w, https:\/\/tsunamiduloing.fr\/wp-content\/uploads\/2022\/11\/trou_18-212x300.png 212w\" sizes=\"auto, (max-width: 595px) 100vw, 595px\" \/><\/figure>\n<\/figure>\n","protected":false},"excerpt":{"rendered":"<div class=\"mh-excerpt\"><p>Pour sa seconde \u00e9dition, l&rsquo;Open du Grand Parquet se d\u00e9roulera le 27 novembre 2022 au c\u0153ur du tr\u00e8s r\u00e9put\u00e9 Stade \u00c9questre du Grand Parquet \u00e0 <a class=\"mh-excerpt-more\" href=\"https:\/\/tsunamiduloing.fr\/?page_id=774\" title=\"Open Grand Parquet 2022\">[&#8230;]<\/a><\/p>\n<\/div>","protected":false},"author":1,"featured_media":0,"parent":292,"menu_order":0,"comment_status":"closed","ping_status":"closed","template":"","meta":{"footnotes":""},"class_list":["post-774","page","type-page","status-publish","hentry"],"_links":{"self":[{"href":"https:\/\/tsunamiduloing.fr\/index.php?rest_route=\/wp\/v2\/pages\/774","targetHints":{"allow":["GET"]}}],"collection":[{"href":"https:\/\/tsunamiduloing.fr\/index.php?rest_route=\/wp\/v2\/pages"}],"about":[{"href":"https:\/\/tsunamiduloing.fr\/index.php?rest_route=\/wp\/v2\/types\/page"}],"author":[{"embeddable":true,"href":"https:\/\/tsunamiduloing.fr\/index.php?rest_route=\/wp\/v2\/users\/1"}],"replies":[{"embeddable":true,"href":"https:\/\/tsunamiduloing.fr\/index.php?rest_route=%2Fwp%2Fv2%2Fcomments&post=774"}],"version-history":[{"count":5,"href":"https:\/\/tsunamiduloing.fr\/index.php?rest_route=\/wp\/v2\/pages\/774\/revisions"}],"predecessor-version":[{"id":849,"href":"https:\/\/tsunamiduloing.fr\/index.php?rest_route=\/wp\/v2\/pages\/774\/revisions\/849"}],"up":[{"embeddable":true,"href":"https:\/\/tsunamiduloing.fr\/index.php?rest_route=\/wp\/v2\/pages\/292"}],"wp:attachment":[{"href":"https:\/\/tsunamiduloing.fr\/index.php?rest_route=%2Fwp%2Fv2%2Fmedia&parent=774"}],"curies":[{"name":"wp","href":"https:\/\/api.w.org\/{rel}","templated":true}]}}